{"id":19,"date":"2014-03-17T18:16:08","date_gmt":"2014-03-17T18:16:08","guid":{"rendered":"http:\/\/demo.themegrill.com\/spacious\/?page_id=19"},"modified":"2021-06-23T17:51:21","modified_gmt":"2021-06-23T15:51:21","slug":"awesome-support","status":"publish","type":"page","link":"http:\/\/www.bachmek.umi.ac.ma\/?page_id=19","title":{"rendered":"Chimie Appliqu\u00e9e"},"content":{"rendered":"<div id=\"pl-gbp5ee2be1da12b6\" class=\"panel-layout\">\n<div id=\"pg-gbp5ee2be1da12b6-0\" class=\"panel-grid panel-no-style\">\n<div id=\"pgc-gbp5ee2be1da12b6-0-0\" class=\"panel-grid-cell\">\n<div id=\"panel-gbp5ee2be1da12b6-0-0-0\" class=\"so-panel widget widget_text panel-first-child panel-last-child\" data-index=\"0\">\n<div class=\"textwidget\">\n<h2><img loading=\"lazy\" class=\"size-medium wp-image-822 aligncenter\" src=\"http:\/\/www.bachmek.umi.ac.ma\/wp-content\/uploads\/2020\/05\/19510442_182727462263050_3344517160982383093_n-768x564-1-300x220.png\" alt=\"\" width=\"300\" height=\"220\" \/><\/h2>\n<h2>Une premi\u00e8re au Maroc<\/h2>\n<p><strong>Vous souhaitez poursuivre vos \u00e9tudes en chimie appliqu\u00e9e\u00a0?<br \/>Vous voulez commencer vos \u00e9tudes au Maroc et les terminer en Allemagne\u00a0?<br \/>Le Bachelor of Science in applied Chemistry\u00a0pourrait bien \u00eatre votre voie !<\/strong><\/p>\n<h2>PRESENTATION DE LA FORMATION<\/h2>\n<ul>\n<li>La Formation sera offerte conjointement par l\u2019Universit\u00e9 Moulay Ismail (UMI) et l\u2019Universit\u00e9 d\u2019Aachen en Allemagne (FH).<\/li>\n<li>Les \u00e9tudiants seront inscrits conjointement \u00e0 l\u2019UMI et \u00e0 la FH.<\/li>\n<li>La formation dure 3\u00a0ans (6\u00a0semestres), les 4\u00a0premiers semestres seront effectu\u00e9s \u00e0 l\u2019UMI et les 2\u00a0autres semestres auront lieu \u00e0 la FH.<\/li>\n<li>Le 4\u00e8me semestre est assur\u00e9 par le corps enseignant allemand, soit en contact direct avec les\u00a0\u00e9tudiants, soit via la vid\u00e9oconf\u00e9rence.<\/li>\n<li>Les \u00e9tudiants seront trait\u00e9s de la m\u00eame mani\u00e8re que ceux inscrits \u00e0 la FH.<\/li>\n<li>Des bourses de m\u00e9rites peuvent \u00eatre octroy\u00e9 aux \u00e9tudiants au cours de leur s\u00e9jour en Allemagne.<\/li>\n<li>Les stages de fin d\u2019\u00e9tudes auront lieu dans les laboratoires de la FH.<\/li>\n<li>La formation sera sanctionn\u00e9e par une double diplomation: de l\u2019Universit\u00e9 Moulay Ismail et de l\u2019Universit\u00e9 d\u2019Aachen.<\/li>\n<li>Possibilit\u00e9s de Poursuite d\u2019\u00e9tudes gratuites en Allemagne : Master, PhD.<\/li>\n<li>La formation est payante : 40000 DHS par an pour les 4\u00a0premiers semestres au Maroc et 7200 Euros pour les deux\u00a0semestres en Allemagne payable en deux.<\/li>\n<\/ul>\n<h2>D\u00e9bouch\u00e9s de la formation<\/h2>\n<p>Les futurs laur\u00e9ats pourront int\u00e9grer aussi bien le secteur public que priv\u00e9 dans des domaines divers et vari\u00e9s comme l\u2019industrie chimique, du plastique, de l\u2019emballage, du textile, du matelas, de la plasturigie, des colles, de la peinture\u2026<br \/>Des possibilit\u00e9s de Poursuite d\u2019\u00e9tudes gratuites en Allemagne : Master, PhD.<\/p>\n<div class=\"wp-block-image\">\n<figure class=\"aligncenter\"><img loading=\"lazy\" class=\"aligncenter wp-image-1527 size-full\" src=\"http:\/\/www.bachmek.umi.ac.ma\/wp-content\/uploads\/2020\/07\/Architecture-de-la-Formation-BCA.png\" alt=\"\" width=\"511\" height=\"789\" srcset=\"http:\/\/www.bachmek.umi.ac.ma\/wp-content\/uploads\/2020\/07\/Architecture-de-la-Formation-BCA.png 511w, http:\/\/www.bachmek.umi.ac.ma\/wp-content\/uploads\/2020\/07\/Architecture-de-la-Formation-BCA-194x300.png 194w\" sizes=\"(max-width: 511px) 100vw, 511px\" \/><\/figure>\n<\/div>\n<h2><strong>Contact<\/strong><\/h2>\n<h3><strong>Coordonnateurs p\u00e9dagogiques:\u00a0<\/strong><\/h3>\n<p><strong>Pr. \u00a0Dr. CHOUKRAD M\u2019barek<\/strong><br \/>Facult\u00e9 des Sciences \u2013 Mekn\u00e8s<br \/>D\u00e9partement de Chimie<br \/>T : 06 74\u00a093\u00a019\u00a056<br \/>Email: <a href=\"mailto:m.choukrad@umi.ac.ma\" target=\"_blank\" rel=\"noopener noreferrer\">m.choukrad@umi.ac.ma<\/a><\/p>\n<p><strong>Pr. Dr. Thomas Mang<\/strong><br \/>FH Aachen<br \/>Heinrich-Mu\u00dfmann-Strasse 1 \u2013 J\u00fclich<br \/>T : +49.241.6009 53886<br \/>Email: mang@fh-aachen.de<\/p>\n<p><strong>Coordonnateur g\u00e9n\u00e9ral<\/strong>\u00a0<strong>du Partenariat Maroco-Allemand :<\/strong><\/p>\n<p><strong>Pr. Najim ITTOBANE<\/strong><br \/>Facult\u00e9 des Sciences \u2013 Mekn\u00e8s<br \/>D\u00e9partement de Chimie<br \/>T : 06 61 53 26 97<br \/>F : 05 35 53 68 08<br \/>Email: <a href=\"mailto:n.ittobane@umi.ac.ma\" target=\"_blank\" rel=\"noopener noreferrer\">n.ittobane@umi.ac.ma<\/a><\/p>\n<p>Pour obtenir plus d\u2019informations, veuillez t\u00e9l\u00e9charger le d\u00e9pliant de la fili\u00e8re<em> :\u00a0 <a href=\"http:\/\/www.bachmek.umi.ac.ma\/wp-content\/uploads\/2020\/07\/affiche-chimie-appliqu\u00e9e.pdf\">Cliquez ici<\/a><\/em><\/p>\n<p><iframe loading=\"lazy\" title=\"Laboratoire de Chimie de la Fili\u00e8re Chimie Appliqu\u00e9e\" width=\"750\" height=\"422\" src=\"https:\/\/www.youtube.com\/embed\/8_2IIK2p4LM?start=37&#038;feature=oembed\" frameborder=\"0\" allow=\"accelerometer; autoplay; clipboard-write; encrypted-media; gyroscope; picture-in-picture\" allowfullscreen><\/iframe><\/p>\n<\/div>\n<\/div>\n<\/div>\n<p>\u00a0<\/p>\n<\/div>\n<\/div>\n\n\n<p><\/p>\n","protected":false},"excerpt":{"rendered":"<p>La formation de chimie appliqu\u00e9e dispens\u00e9e vise \u00e0 former des laur\u00e9ats ma\u00eetrisant les bases fondamentales de la chimie aussi bien les aspects de la synth\u00e8se et l\u2019\u00e9laboration que les aspects de l\u2019analyse&#8230;<\/p>\n","protected":false},"author":1,"featured_media":1437,"parent":0,"menu_order":0,"comment_status":"closed","ping_status":"open","template":"","meta":[],"_links":{"self":[{"href":"http:\/\/www.bachmek.umi.ac.ma\/index.php?rest_route=\/wp\/v2\/pages\/19"}],"collection":[{"href":"http:\/\/www.bachmek.umi.ac.ma\/index.php?rest_route=\/wp\/v2\/pages"}],"about":[{"href":"http:\/\/www.bachmek.umi.ac.ma\/index.php?rest_route=\/wp\/v2\/types\/page"}],"author":[{"embeddable":true,"href":"http:\/\/www.bachmek.umi.ac.ma\/index.php?rest_route=\/wp\/v2\/users\/1"}],"replies":[{"embeddable":true,"href":"http:\/\/www.bachmek.umi.ac.ma\/index.php?rest_route=%2Fwp%2Fv2%2Fcomments&post=19"}],"version-history":[{"count":17,"href":"http:\/\/www.bachmek.umi.ac.ma\/index.php?rest_route=\/wp\/v2\/pages\/19\/revisions"}],"predecessor-version":[{"id":1645,"href":"http:\/\/www.bachmek.umi.ac.ma\/index.php?rest_route=\/wp\/v2\/pages\/19\/revisions\/1645"}],"wp:featuredmedia":[{"embeddable":true,"href":"http:\/\/www.bachmek.umi.ac.ma\/index.php?rest_route=\/wp\/v2\/media\/1437"}],"wp:attachment":[{"href":"http:\/\/www.bachmek.umi.ac.ma\/index.php?rest_route=%2Fwp%2Fv2%2Fmedia&parent=19"}],"curies":[{"name":"wp","href":"https:\/\/api.w.org\/{rel}","templated":true}]}}

Chimie Appliquée

<div id="pl-gbp5ee2be1da12b6" class="panel-layout">
<div id="pg-gbp5ee2be1da12b6-0" class="panel-grid panel-no-style">
<div id="pgc-gbp5ee2be1da12b6-0-0" class="panel-grid-cell">
<div id="panel-gbp5ee2be1da12b6-0-0-0" class="so-panel widget widget_text panel-first-child panel-last-child" data-index="0">
<div class="textwidget">
<h2><img loading="lazy" class="size-medium wp-image-822 aligncenter" src="http://www.bachmek.umi.ac.ma/wp-content/uploads/2020/05/19510442_182727462263050_3344517160982383093_n-768x564-1-300x220.png" alt="" width="300" height="220" /></h2>
<h2>Une première au Maroc</h2>
<p><strong>Vous souhaitez poursuivre vos études en chimie appliquée ?<br />Vous voulez commencer vos études au Maroc et les terminer en Allemagne ?<br />Le Bachelor of Science in applied Chemistry pourrait bien être votre voie !</strong></p>
<h2>PRESENTATION DE LA FORMATION</h2>
<ul>
<li>La Formation sera offerte conjointement par l’Université Moulay Ismail (UMI) et l’Université d’Aachen en Allemagne (FH).</li>
<li>Les étudiants seront inscrits conjointement à l’UMI et à la FH.</li>
<li>La formation dure 3 ans (6 semestres), les 4 premiers semestres seront effectués à l’UMI et les 2 autres semestres auront lieu à la FH.</li>
<li>Le 4ème semestre est assuré par le corps enseignant allemand, soit en contact direct avec les étudiants, soit via la vidéoconférence.</li>
<li>Les étudiants seront traités de la même manière que ceux inscrits à la FH.</li>
<li>Des bourses de mérites peuvent être octroyé aux étudiants au cours de leur séjour en Allemagne.</li>
<li>Les stages de fin d’études auront lieu dans les laboratoires de la FH.</li>
<li>La formation sera sanctionnée par une double diplomation: de l’Université Moulay Ismail et de l’Université d’Aachen.</li>
<li>Possibilités de Poursuite d’études gratuites en Allemagne : Master, PhD.</li>
<li>La formation est payante : 40000 DHS par an pour les 4 premiers semestres au Maroc et 7200 Euros pour les deux semestres en Allemagne payable en deux.</li>
</ul>
<h2>Débouchés de la formation</h2>
<p>Les futurs lauréats pourront intégrer aussi bien le secteur public que privé dans des domaines divers et variés comme l’industrie chimique, du plastique, de l’emballage, du textile, du matelas, de la plasturigie, des colles, de la peinture…<br />Des possibilités de Poursuite d’études gratuites en Allemagne : Master, PhD.</p>
<div class="wp-block-image">
<figure class="aligncenter"><img loading="lazy" class="aligncenter wp-image-1527 size-full" src="http://www.bachmek.umi.ac.ma/wp-content/uploads/2020/07/Architecture-de-la-Formation-BCA.png" alt="" width="511" height="789" srcset="http://www.bachmek.umi.ac.ma/wp-content/uploads/2020/07/Architecture-de-la-Formation-BCA.png 511w, http://www.bachmek.umi.ac.ma/wp-content/uploads/2020/07/Architecture-de-la-Formation-BCA-194x300.png 194w" sizes="(max-width: 511px) 100vw, 511px" /></figure>
</div>
<h2><strong>Contact</strong></h2>
<h3><strong>Coordonnateurs pédagogiques: </strong></h3>
<p><strong>Pr.  Dr. CHOUKRAD M’barek</strong><br />Faculté des Sciences – Meknès<br />Département de Chimie<br />T : 06 74 93 19 56<br />Email: <a href="mailto:m.choukrad@umi.ac.ma" target="_blank" rel="noopener noreferrer">m.choukrad@umi.ac.ma</a></p>
<p><strong>Pr. Dr. Thomas Mang</strong><br />FH Aachen<br />Heinrich-Mußmann-Strasse 1 – Jülich<br />T : +49.241.6009 53886<br />Email: mang@fh-aachen.de</p>
<p><strong>Coordonnateur général</strong> <strong>du Partenariat Maroco-Allemand :</strong></p>
<p><strong>Pr. Najim ITTOBANE</strong><br />Faculté des Sciences – Meknès<br />Département de Chimie<br />T : 06 61 53 26 97<br />F : 05 35 53 68 08<br />Email: <a href="mailto:n.ittobane@umi.ac.ma" target="_blank" rel="noopener noreferrer">n.ittobane@umi.ac.ma</a></p>
<p>Pour obtenir plus d’informations, veuillez télécharger le dépliant de la filière<em> :  <a href="http://www.bachmek.umi.ac.ma/wp-content/uploads/2020/07/affiche-chimie-appliquée.pdf">Cliquez ici</a></em></p>
<p><iframe loading="lazy" title="Laboratoire de Chimie de la Filière Chimie Appliquée" width="750" height="422" src="https://www.youtube.com/embed/8_2IIK2p4LM?start=37&#038;feature=oembed" frameborder="0" allow="accelerometer; autoplay; clipboard-write; encrypted-media; gyroscope; picture-in-picture" allowfullscreen></iframe></p>
</div>
</div>
</div>
<p> </p>
</div>
</div>


<p></p>

<p>La formation de chimie appliquée dispensée vise à former des lauréats maîtrisant les bases fondamentales de la chimie aussi bien les aspects de la synthèse et l’élaboration que les aspects de l’analyse&#8230;</p>
